be s(-4). Is (20/(-6))/(p/(-15)) a prime number?
False
Let g(u) = 69*u - 11. Suppose 15*v - 20*v = -20. Is g(v) a prime number?
False
Let z = -10583 + 6269. Is (-7)/(14/z) - 2 composite?
True
Let o be ((-6)/(-5))/(3/10). Suppose -2*s = 4*v - 6176, -5*v + o*s + 7725 = 9*s. Is v composite?
False
Suppose 2*i = 5*p + 8, -2*i = 2*p - 5*p - 8. Let t(r) = 21*r**2 - 10*r - 3. Is t(i) a composite number?
False
Let m(q) = 5*q - 390. Let x(r) = -1. Let w(s) = -m(s) + x(s). Is w(0) a prime number?
True
Suppose 4*t - 63*v + 68*v = 297141, -5*t + v = -371390. Is t composite?
False
Let w(k) be the second derivative of -3*k + 0 + 3/2*k**2 - 5/6*k**3 - 1/12*k**4 - 1/20*k**5. Is w(-4) a prime number?
True
Let i = 6 + -2. Let r = 1029 + -620. Suppose -i*p = -r + 53. Is p a prime number?
True
Let t(h) = -44*h - 41. Let g = 70 + -81. Is t(g) a prime number?
True
Suppose 0 = 3*z - 4*x - 479, x = -4*z + 2*x + 630. Suppose 8*q - z = 7*q. Is q prime?
True
Suppose -5*k + 2*m + 16943 = 0, 3*k - m - 10166 = -0*m. Is k a composite number?
False
Let l(x) = 30*x**2 - 30*x + 167. Is l(15) a composite number?
True
Suppose -362 = -3*o + 943. Suppose -3*n = -o - 492. Let z = n - 148. Is z composite?
True
Suppose 0 = -4*r - 16, z + 0*r + 14 = -5*r. Let x(n) be the third derivative of n**5/30 - n**4/4 - n**3/2 + 10*n**2. Is x(z) prime?
False
Let f(j) = -9 - 9 + 7 + 2*j**2 + 3*j + j**3. Let m(o) = o**2 - 13*o + 5. Let g be m(13). Is f(g) a composite number?
False
Suppose -h - y + 334 = 0, 2*y = -0 + 6. Is h composite?
False
Let r be 1115/6 - (-13)/78. Let l = 363 - r. Is l a composite number?
True
Let i(d) = -70*d**3 - 8*d**2 + 15*d + 14. Is i(-9) a composite number?
False
Suppose 5 + 3 = -4*b. Let t(y) be the second derivative of -19*y**3/2 - y**2/2 - 6*y. Is t(b) composite?
False
Suppose h = -5*c - 2497, -3*c - 2*h + 7*h - 1487 = 0. Let v = c + 992. Is v composite?
True
Is ((-13)/((-156)/(-18)))/((-6)/11332) prime?
True
Let p(y) = -y**3 - 5*y**2 + 2*y + 3. Let l be p(-3). Let s be (-56)/l*(-174)/(-8). Let m = 117 - s. Is m a prime number?
True
Let y = 30 - 20. Let a = 2 + y. Let r = 15 - a. Is r a composite number?
False
Let c be (-12)/(-5)*-2*(-2275)/130. Let h = 4 + -2. Suppose -c = -6*l + h*l. Is l a composite number?
True
Let g(k) = -9590*k - 29. Is g(-1) a prime number?
False
Let f be (-2)/8 + 6/(24/1909). Let g = f + 109. Is g a composite number?
True
Let f be 172/3 + (-1)/3. Let x be (3 - f/15)*-10. Let s(q) = q**3 - 4*q**2 - 7*q + 11. Is s(x) prime?
True
Suppose 0 = -p - 5, 2*j = -0*j - p + 301. Suppose 0 = -l - x - j, -4*l - l - 759 = -x. Let s = 234 + l. Is s a prime number?
False
Let c be (-4 - 181)*36/(-10). Let w = 248 + c. Is w a prime number?
False
Suppose -7*m = -2*m - 3820. Let d = 1553 - m. Is d a prime number?
False
Suppose -1413 = 5*f - 4118. Is f composite?
False
Let p(h) = h**3 - 2*h**2 + 1. Let a be p(-1). Let s(u) = -70*u**3 - 3*u**2 - 6*u - 7. Is s(a) prime?
False
Suppose 4*v + 47 = 3*k - 0*v, 2*k = -3*v + 3. Suppose k + 7 = 4*t. Suppose 3*a = -t*s + a + 314, -s - 2*a + 83 = 0. Is s composite?
True
Let w(d) = -13*d**2 + 8 + 4 + 12*d**2 - 4*d. Let u be w(-5). Suppose -u*b - 388 = -11*b. Is b composite?
False
Suppose 1 = h - 2. Suppose -h*s = -4*r - 2*s - 17, 2*s - 2 = 0. Is (399/12)/((-1)/r) composite?
True
Let w = 422 - -69. Is w a prime number?
True
Let h be (1562/(-33))/((-2)/81 - 0). Suppose 4*z - 2738 = -3*c, 4*z + 5*c - 825 = h. Is z a prime number?
True
Suppose -2*l = 8 - 4, 0 = a - 5*l - 1953. Is a a composite number?
True
Let t be ((-2)/6)/((-10)/9 + 1). Is -1*t - (4468/(-4) + -1) prime?
False
Suppose -x + 22*s + 14403 = 26*s, 57570 = 4*x - 5*s. Is x prime?
False
Let h(u) = 2902*u + 335. Is h(2) prime?
False
Let s be -3 + 5 + 522 - 2. Let c = s + -285. Is c a composite number?
True
Let c(w) = -w**3 - 4*w**2 + 13*w + 5. Let r be (1 + 0)/(-1) + -3 + -5. Is c(r) prime?
True
Suppose 0 = 8*a - 13*a + 18295. Is a a prime number?
True
Let w(o) = 21*o**2 + 32*o + 24. Is w(7) composite?
False
Let l be (15/(-25))/(2/(-50)). Suppose 0*h - c - 9 = -4*h, 0 = 5*c - l. Suppose 0 = -7*k + h*k + 60. Is k composite?
True
Let d = 2142 + -1175. Let q = d - -704. Is q prime?
False
Suppose -11*c = -110201 - 21876. Is c a composite number?
False
Let q = -4181 + 7980. Is q prime?
False
Let v(d) = d + 1. Let h(x) = 20*x**2 + 3*x + 2. Let b(f) = h(f) + 5*v(f). Is b(-6) a composite number?
True
Is 1/(-5)*15/6*-1382 a composite number?
False
Let q(k) = -7*k**2 + 7*k + 1. Let d(j) be the first derivative of -2*j**3 + 7*j**2/2 - 3. Let a(w) = -5*d(w) + 4*q(w). Is a(5) prime?
True
Suppose 0 = -55*i + 61*i - 2334. Is i prime?
True
Suppose 3*s + r = 20192, -s + 2*r + 7103 - 384 = 0. Is s composite?
True
Suppose 0 = 14*o + 2397 - 159211. Is o a prime number?
False
Let p(a) = -34*a**3 - 2*a**2 - 2*a + 1. Let q be p(-2). Let u be ((-6)/2 - -3)/2. Suppose m - 150 - q = u. Is m composite?
False
Suppose -1371 = -3*o + 627. Let d = o + -401. Is d prime?
False
Suppose -5*o + 2110 - 6445 = -2*x, -4*x + 2*o = -8630. Is x a composite number?
True
Suppose -2*b = -6, -5*a = -2*b + 707 - 16266. Is a prime?
False
Let i be 11/2*8 - -4. Suppose 37*n + 7634 = i*n. Is n a composite number?
True
Suppose 0 = 4*c + 16, 11*k = 9*k + 2*c + 9756. Suppose 3*f = 2*f - s + 973, 0 = 5*f - 4*s - k. Is f composite?
True
Let m be 1/6 - (-4)/(-24). Suppose 4*d - l = -0*l + 1381, -3*d + 4*l + 1039 = m. Suppose -2*u = -629 - d. Is u a composite number?
False
Suppose -2 = s - p, 2*p - 11 + 1 = -s. Suppose -1067 = -s*w + w. Is w a composite number?
True
Suppose 5*f = -2*i + 27068, 7*i - 3*i - 54118 = -f. Is i prime?
False
Suppose -3*q + 11489 = 2*v - 1088, 0 = 3*v - 5*q - 18856. Is v a composite number?
False
Suppose -3*z - 20 = 2*x, -3*x + z - 7 = 1. Let o = x - -183. Is o a prime number?
True
Suppose 2*q = 2*y + 33836, -4*y + 53949 = 5*q - 30668. Is q a prime number?
True
Suppose 0 = -14*p + 10*p - 2*d + 32814, -5*p + 41018 = 3*d. Is p a prime number?
False
Suppose 8*s = 2*s - 42. Let a(z) = 10 - z**3 + 121*z**2 - 4*z - 114*z**2 + 2*z**3. Is a(s) composite?
True
Is -4 - 9 - (-1615 + 23) a composite number?
False
Suppose -4*c = -97486 + 33834. Is c prime?
True
Let d be (-675)/(-35) + 6/(-21). Let i = -19 + d. Is -12 + 11 + (80 - i) prime?
True
Let c(p) = 8*p**2 - 17*p + 43. Is c(-24) prime?
True
Suppose -4*m + s + 4*s = -151, -2*m + 73 = -3*s. Let b = 27 - 2. Let z = b + m. Is z prime?
False
Let q = -84 + 189. Suppose 2*i + q = -i. Let r = i - -86. Is r a composite number?
True
Let g = 34 - 34. Suppose g = -3*s + 5*c + 805, -2*s + 6*s + 4*c - 1052 = 0. Is s prime?
False
Let t be (-17 + -3)*-1*-2. Is 9054/14 - t/140 prime?
True
Let i = 90 - 74. Is (-2)/i - (50948/(-32) + 3) composite?
True
Let u be (7 + -1)/(3 - 4). Let h = 10 + u. Suppose 2*m - 3*a = 286, 0 = h*m - 0*a + 5*a - 616. Is m a composite number?
False
Let m be 1/(-1*(-1)/(-233)). Let b = m + 328. Is b a prime number?
False
Let g = -32245 + 53558. Is g prime?
True
Suppose -2*w + 4*o = o + 21, -5*o = 5*w + 65. Let d(z) = -52*z + 17. Is d(w) a composite number?
False
Suppose 5*h - 55 = 5*y, 2*h = -0*h - 3*y + 37. Let g = -13 + h. Is (63/6 - g)*26 composite?
True
Let t be -2 - 6*(0 + -1). Is (-1)/1 + t - (5 + -1363) a prime number?
True
Let w(p) = 3458*p**2 - 7*p + 4. Is w(1) a composite number?
True
Let p = 66702 - 36853. Is p prime?
False
Let o(u) = 435*u + 43. Is o(46) a prime number?
False
Suppose y + l = 154 + 714, -4348 = -5*y - l. Suppose -3*o + 2*o = -y. Suppose o = 3*a + 315. Is a composite?
True
Is 17/(-136) + (-551460)/(-32) a prime number?
False
Let x(k) = -2*k + 10. Let n be x(8). Is (-971)/(-4 - (n - 12/(-4))) composite?
False
Let a be ((-5592)/(-14) + 0)*1680/160. Suppose -5*h + a = -20641. Is h a composite number?
False
Let r(b) = b**2 + 24*b - 23. Let l be r(-25). Suppose z = q - 3*q + 2243, l*q - z - 2233 = 0. Is q composite?
True
Suppose 0 = -l + 4*l - 3*b - 483, 324 = 2*l - 3*b. Suppose -2*u - 43 = -l. Is u prime?
False
Let i(b) = -2*b**3 - 33*b**2 - 49*b + 41. Is i(-17) composite?
False
Is (-322616)/(-24) - ((-40)/(-12))/(-5) prime?
False
Suppose 96 = 3*r - 243. Let z = r + -58. Is z a composite number?
True
Let q = -1 + 8. Suppose 11*j = q*j + 6676. Suppose -6*y = -3*y + 5*x - j, -2*x - 2761 = -5*y. Is y composite?
True
Let v(a) =